 -a**3 - 6*a**2 + 6. Let w be p(-6). What is the highest common factor of w and q?
3
Let b be (629/221 - 3) + 158/13. Let o(v) = v**3 + 5*v**2 - 5*v + 5. Let x be o(-5). What is the greatest common divisor of b and x?
6
Let q be -19 - (2 + 1 + -4). Let u be q/(-7)*14/1. Suppose -36 = -14*i + 5*i. What is the greatest common divisor of i and u?
4
Suppose 4*q = 131 - 23. Suppose -3 = l, -i - 3*i - 2*l = -1614. Suppose -2*z = -5*z + i. What is the highest common divisor of z and q?
27
Let s be (-12)/(-9) - 32/(-12). Suppose -3*i + 76 - 22 = -x, 5*i + s*x - 90 = 0. Let m be (i/4)/(3/6). Calculate the greatest common divisor of 18 and m.
9
Suppose -4*x - 669 - 13695 = 0. Let j be (-2)/8 - x/(-36). Let p = j + 185. What is the greatest common divisor of p and 34?
17
Let d = 1947 + -1353. Suppose 13*q - 862 = d. Calculate the highest common divisor of q and 16.
16
Let f be (-3)/(-9)*3 - -102. Suppose -3*i = f + 5. Let w be -3 - (-2)/((-8)/i). Calculate the greatest common divisor of w and 30.
6
Suppose 2*r = 2*y + 36, 0 = -2*r - 4*y + 17 + 1. Calculate the greatest common factor of 375 and r.
15
Let u = -130 - -296. Let g = u - 142. What is the greatest common factor of 48 and g?
24
Suppose 0 = -4*v - 2 + 14. Suppose 5*l + 3*q = 116 + 298, 0 = -4*l + v*q + 342. Calculate the highest common divisor of 14 and l.
14
Let t = 100 - 48. What is the greatest common divisor of t and 13?
13
Suppose 5*i - 36 + 11 = 0. Calculate the highest common divisor of 135 and i.
5
Let c = -8 + -34. Suppose -36 = -101*u + 103*u. Let v = u - c. Calculate the greatest common factor of v and 60.
12
Let l be 2/2 + 2 + -2. Suppose -2*v - 7 = -l, 3*d + 4*v - 51 = 0. Calculate the greatest common divisor of 14 and d.
7
Let r(n) = -6*n**3 - 39*n**2 + 12*n + 21. Let z be r(-7). Calculate the greatest common divisor of 56 and z.
28
Let v = -40 - -61. Let l(s) = 2*s**2 + s - 1. Let b be l(-3). What is the highest common factor of v and b?
7
Let t(b) = b**2 + b + 1. Let x be t(2). Let f(k) = -k + 3. Let y be f(x). Let o be -1 - (y - -4) - -81. What is the highest common factor of o and 20?
20
Let t be (-204)/54 + (-4)/18. Let g be (2/t)/((-19)/608). What is the greatest common factor of g and 48?
16
Let x(z) = -z**3 + 50*z**2 + 52*z - 43. Let j be x(51). Calculate the highest common divisor of 200 and j.
8
Let n(h) = -h**3 + 2*h**2 + 4*h. Let s be n(3). Suppose 417*t = 404*t + 117. What is the highest common factor of t and s?
3
Suppose 31*m = 3471 + 1303. Calculate the greatest common factor of m and 198.
22
Let d(g) be the first derivative of -3*g**4/4 + g - 2. Let n be d(-1). Let q be 1*(1 + n + 0). What is the highest common divisor of 20 and q?
5
Let p(b) = b**3 - 9*b**2 + 9*b - 8. Let u be p(8). Suppose -12 = -4*w + 5*n, w + 2*w + 3*n - 9 = u. What is the highest common factor of w and 21?
3
Let i be 1 + 124 + (6 - (6 - 5)). Calculate the greatest common divisor of 20 and i.
10
Let c = -23 - -37. Calculate the highest common divisor of c and 1190.
14
Suppose -228 = -7*g - 5*g. Calculate the greatest common divisor of g and 513.
19
Let d be 7 + 0/7*(-2)/(-4). What is the highest common factor of 287 and d?
7
Let i = -3 + 22. Let w be (-4 + 115)/(0 + 1). Let f = 187 - w. Calculate the greatest common divisor of i and f.
19
Suppose 3*k = -k. Let g = 2 + k. Suppose -3*f - 51 = -g*r - 2, -r + 23 = -f. Calculate the greatest common divisor of r and 160.
20
Suppose 4*v - 24 = -3*n, 2*v - 24 = 2*n - 5*n. Calculate the highest common factor of n and 22.
2
Let t(l) = 27*l**2 + 5*l - 10. Let s be t(2). Calculate the highest common factor of 288 and s.
36
Let i(g) be the third derivative of g**6/120 - 8*g**5/15 + 11*g**4/8 + 43*g**3/6 + 45*g**2. Let c be i(31). Calculate the greatest common factor of 21 and c.
21
Suppose -65 - 23 = -4*k. Suppose 6*g - g - 2*r = 41, -5*r = -g + k. Calculate the highest common divisor of g and 63.
7
Let l(z) = z**2 - z - 46. Let a be l(-9). What is the greatest common factor of 110 and a?
22
Let i(m) = m**3 + 4*m + 4. Let k be i(4). Let s = -357 + 297. Let z = k + s. Calculate the highest common factor of 12 and z.
12
Suppose 2*o = 3*k + 3633, -5*o - 5*k + 14693 - 5548 = 0. What is the highest common factor of 57 and o?
57
Let o(n) = 47*n + 929. Let c be o(-19). What is the highest common divisor of 126 and c?
18
Let b be 9/(-18)*(-32 + 0). Let u = -15 - -19. Suppose d = 4*t - 17, -4*d = u*t - d - 13. Calculate the highest common factor of b and t.
4
Suppose -40*f = -5*f - 2450. Calculate the greatest common divisor of 154 and f.
14
Let k(n) = -n**3 - 6*n**2 - 7*n - 7. Let j be k(-5). Suppose -3*q = -5*q + 8. Suppose q*d - j*d = 20. Calculate the highest common factor of d and 30.
10
Suppose -d + 1430 = 3*s, 2*s - 5*d - 1003 + 44 = 0. Calculate the highest common divisor of s and 212.
53
Let c = 208 - 177. What is the highest common factor of c and 341?
31
Let q = 12 + -11. Let f(u) = -u - 1. Let l(i) = -18*i + 9. Let p(n) = q*l(n) + 9*f(n). Let v be p(-4). Calculate the greatest common factor of v and 12.
12
Let f(o) = -o**3 + 7*o**2 - 4. Let z be f(5). Suppose -31*y = -277 - 436. What is the greatest common divisor of z and y?
23
Let w be 43/4 + (-6)/8. Suppose 0 = -3*g - 3*z - 0*z + 24, -2*z = -3*g + 4. Calculate the highest common factor of w and g.
2
Suppose -f + 127 = 5*x, -5*x = -51*f + 48*f + 321. Calculate the greatest common factor of f and 2.
2
Let m = -4 + 1. Let d be -3 - 103*(m - -2). Suppose -11*n = -16*n + d. Calculate the greatest common divisor of n and 20.
20
Suppose -4*g + 2*g = -12. Suppose -g*y = 4*y - 280. Calculate the highest common divisor of 12 and y.
4
Let z(u) = u + 32. Let c be z(-4). Calculate the greatest common factor of c and 7.
7
Let f(i) = 5*i + 15 + 13*i**2 - 9*i - 12*i**2. Let l be f(7). Let d = 30 + -12. Calculate the highest common factor of d and l.
18
Let b = 868 - 637. Calculate the greatest common factor of 63 and b.
21
Let w be (-5)/((-50)/6) + 6/15. Let h = 24 - w. What is the greatest common divisor of h and 161?
23
Let f be (2*(-3)/7)/(2/14). Let o be (f + -3)*3/(18/(-4)). Calculate the highest common divisor of o and 42.
6
Suppose 4 = 26*t - 25*t. Suppose t*n = -4*k + 368, 2*k = n + 6*k - 98. Calculate the highest common divisor of 10 and n.
10
Let b(d) = 0 + 10*d + 0. Let y be b(1). Suppose 3*o + 282 = 4*j - 23, 315 = 4*j - o. Calculate the highest common divisor of j and y.
10
Let u(f) = 4*f**2 + f + 1 + 7 - 2 - 2*f**3 - 8*f**2. Let m be u(-3). Calculate the greatest common divisor of m and 63.
21
Suppose 60*p + 651 = 17451. Calculate the highest common factor of 490 and p.
70
Let q be 113 + (-7)/(42/54). Calculate the greatest common divisor of 56 and q.
8
Let j be 580/(-8)*16/(-10). Let z be (64/(-14) - (-44)/77) + 33. Calculate the greatest common divisor of j and z.
29
Suppose 0*x + w + 6 = x, -5*x + w + 26 = 0. Let i be 69/15 - 3/x. Let y be 6*i + (-6)/(-3). Calculate the highest common divisor of 208 and y.
26
Let z = -66 - -64. Let m be (-14)/z - (7 - 6). Calculate the highest common divisor of m and 54.
6
Let h = 17 - 5. Let n be 228*1*(-2)/(-4). Let c = n - -18. What is the highest common factor of c and h?
12
Let v(a) = 83*a**3 + 5*a - 5. Let l be v(1). Let u = -73 + l. Calculate the greatest common divisor of u and 25.
5
Let y = -25 - -52. Let o = 151 - 148. Calculate the greatest common divisor of y and o.
3
Suppose -2*v - 24 = -4*c, 0 = 5*v + 2*c + c + 34. Let x = 12 + v. Suppose x*i - 205 = 75. Calculate the highest common divisor of i and 10.
10
Suppose -3*v = -6*v. Let w(c) = c - 6. Let h be w(v). Let z = h - -14. What is the greatest common factor of 72 and z?
8
Let a = -101 + 119. Calculate the greatest common divisor of a and 2.
2
Suppose -h + 1 = -2*h, 0 = 3*b + 2*h - 22. Let v(x) = -x. Let k be v(-10). Let q be (-2 - (-15)/k)/(1/(-2)). What is the highest common divisor of b and q?
1
Suppose 0 = 8*f - 5981 + 2757. Calculate the highest common factor of f and 248.
31
Suppose -33 = 3*t + 3*y - 0, 0 = -2*t + 3*y - 17. Let p be ((-5)/(t/(-3)))/((-7)/112). Calculate the greatest common factor of 6 and p.
6
Let h(j) = 6*j + 20. Let r be h(-2). Suppose 2*n + 738 = r*n. What is the greatest common divisor of n and 41?
41
Suppose -5*n + 6*n + 7 = 0. Let q be 489/(-6)*(n + 5). Suppose q = 3*a